**3 + 3*w**2 - 2. Let p be n(-2). Let q = 17 - p. Is q composite?
False
Let d = 80 + -37. Let a = d - -68. Suppose a = c - 572. Is c a prime number?
True
Let o(a) = 87*a**3 - 3*a**2 + 2*a. Let b = 19 + -18. Is o(b) a composite number?
True
Suppose -4*s + 2*f - 1647 = s, 0 = -3*s + 5*f - 992. Let a = s - -478. Is a prime?
True
Suppose -48*q - 7*q + 74855 = 0. Is q a composite number?
False
Suppose 20*f - 5*h + 1716 = 21*f, 4*h = f - 1671. Is f a composite number?
True
Let u(p) = 2*p - 10. Let w be u(6). Is ((-2)/w)/((-2 - 2)/596) prime?
True
Let a = -40 - -42. Suppose 0 = -a*y - 75 + 713. Is y a composite number?
True
Is 23/(69/(-18))*(-6991)/6 composite?
False
Suppose 0 = 860*l - 839*l - 1035237. Is l composite?
False
Suppose 3 = -4*h - 3*s + 11, 0 = -2*s. Suppose -4*q + 3*c + 161 = 0, 2*q - c - 93 = -h*c. Suppose -2*w - q = -6*w. Is w composite?
False
Suppose -647 = -2*x + 4*n - 3799, -3*n = -9. Is 16/12 - x/6 a composite number?
False
Suppose -832 - 116 = -2*q. Suppose c - q = -5*c. Is c a prime number?
True
Let g = -1232 - -3273. Is g prime?
False
Suppose 0 = 5*c + 2*w + 11672, 2*c + w + 4684 = 4*w. Let j = -1659 - c. Is j composite?
False
Let b(a) = a**2 - a. Let n(z) = 8*z**3 - z**2 + 4*z - 3. Let f(c) = 2*b(c) + n(c). Is f(4) prime?
False
Suppose 2*n = 7*n + 70. Let s(f) = -f**2 - 15*f - 16. Let v be s(n). Is (4 + 1374/(-4))*v a prime number?
False
Suppose 2*s + a + 4 = -0*s, -5 = 3*s + 2*a. Is ((-35)/2 - s)*-22 prime?
False
Let m(t) = 2 - t + 43*t**2 - 9 - 11*t - 7. Let v(d) = d + 2. Let f be v(-9). Is m(f) a composite number?
True
Let x be (1382/4)/((-6)/(-12)). Let o = -214 + x. Suppose d - 6 = 4*d, -o = -k - d. Is k a composite number?
False
Suppose 3*z = -5*w - 110, 9*z = 4*z - 5*w - 170. Let t be 1 + 1 - (-4)/1. Is 2/t - 6680/z a composite number?
False
Suppose 8*d - 92640 = 345032. Is d composite?
False
Let p(w) = 80*w**2 - 3*w - 4. Let i(o) = 2*o + 3. Let b be i(1). Is p(b) composite?
True
Suppose 8283 + 4761 = 12*m. Is m a composite number?
False
Let o = 348 - 622. Let i = o - -1035. Is i a prime number?
True
Let l be (5772/(-13))/((-3)/2). Suppose a - 298 - 2 = -j, -a = -j + l. Is j prime?
False
Let h = 3101 + 732. Is h a composite number?
False
Suppose -t - 12 = 4*a + 29, 0 = 3*a + 5*t + 52. Let u = a + 8. Let y(d) = -35*d - 2. Is y(u) a composite number?
True
Suppose 0*k = f + 5*k - 6, -2*k = -4*f + 46. Let m = 19 - -23. Let j = f + m. Is j a prime number?
True
Let f(s) = 13*s**3 - 8*s**2. Let t be f(-3). Let w = t - -1192. Is w prime?
True
Let a(p) = -83*p**3 - 4*p**2 - 2*p + 1. Let o be 3/(-2) - 7/14. Is a(o) prime?
True
Let r = -145 - -542. Is r prime?
True
Let k(y) = -4*y**3 - 18*y**2 + 44*y + 82. Is k(-14) a prime number?
False
Let h(p) = 62*p + 3. Suppose 13 = -m - 5*b, 3*b - 52 = 4*m - b. Let y = -2 - m. Is h(y) prime?
False
Let r(k) = -k + 8. Let j be r(5). Suppose 5*w + 532 - 3365 = -3*u, 0 = -j*u - 2*w + 2845. Let l = u - 328. Is l a composite number?
True
Let f(k) = k + 10. Let b be f(-7). Suppose 5*h = -b*p + 319 + 2173, 0 = 5*p - 4*h - 4215. Is p composite?
False
Let v(a) = 461*a**2 - 59*a + 11. Is v(6) prime?
True
Suppose 3*d = 5*o + 6287, 4185 = 4*d - o - 4209. Is d composite?
False
Suppose 5*v + 9*y - 4*y - 2370 = 0, 4*v - 2*y = 1926. Is v a prime number?
True
Suppose 6*q - 41 = -5. Is (-3)/(q/(-5260)) - (-81 - -84) a prime number?
False
Suppose 3484 = 4*a - 4*p, 4*p = 3*a - 0*a - 2610. Let v = a - -5362. Let q = v - 3919. Is q prime?
False
Let x be 6*((-28)/(-6) + -3). Suppose -22 + x = -j. Is (356/j)/((-1)/(-3)) a prime number?
True
Let b(g) = 9*g**2 - 4 + g - 4*g**2 + 2*g**2 + 3*g**2. Is b(5) a composite number?
False
Let p(z) = 58*z**2 + z + 1. Let m be p(-2). Suppose -x - 2*x + 2*q = -172, -q - m = -4*x. Is x prime?
False
Is (1016672/112)/1 - (-6)/(-14) a prime number?
False
Suppose 11 = -2*f + 3. Is f/(-5) - 10205/(-25) prime?
True
Suppose 0 = -3*j - h + 3700, j = -3*j + 4*h + 4944. Let k = -345 + j. Is k a composite number?
True
Let n = 139856 - 86421. Is n composite?
True
Let i be 6*(-2 + (3 - 2)). Let t be (-4)/i - (-10)/(-15). Suppose -3*w = -2*c + 29, c - 2*w - 16 + 3 = t. Is c composite?
False
Let n be (2/3)/((-5)/195). Let v = 14 + n. Is (-1024)/v + (-4)/(-6) composite?
True
Suppose -57*f = -58*f + 2579. Is f prime?
True
Suppose 34 = 7*c + 6. Suppose 8*f = 7*f + c, 0 = -3*n + 4*f + 6647. Is n prime?
True
Let n(k) = -2*k**3 - 18*k**2 - 11*k + 12. Is n(-25) composite?
False
Let z(x) = -x**2 - 14*x - 47. Let u be z(-7). Suppose 0 = 4*j + 276 + 356. Is (u + -3)/(2/j) prime?
True
Let r(j) = -j**3 + j**2 + 3*j - 2. Let n be r(2). Suppose n = 2*h + 3*z - 3103, -2*z + 4667 = -0*h + 3*h. Is h composite?
False
Is (((-72)/(-16))/(-9))/(1/(-1886)) prime?
False
Suppose k - 18261 - 9954 = -5*p, 5*k - 141029 = -2*p. Is k a prime number?
False
Suppose 4*h = 9 + 3. Suppose 3*u = k + 1833, -h*k + 331 = u - 280. Is u prime?
False
Let o be (-330)/40 + (-6)/8. Let v = -12 - o. Let r(s) = -19*s - 2. Is r(v) composite?
True
Is (-1722)/9*-6 + 3 a prime number?
True
Let b = 58 - -8. Suppose -x = -b - 413. Is x a composite number?
False
Suppose 9*l - 28377 = 48096. Is l prime?
False
Let x = 5122 + -3471. Is x a prime number?
False
Let s = 30 - 26. Let v be (-13)/(((-2)/(-137))/(-2)). Suppose s*r - v = -137. Is r a composite number?
True
Let g be ((-12)/(-1))/3 + -1. Suppose 0 = -6*k + g*k - 354. Let r = -59 - k. Is r prime?
True
Let t(f) = 3*f**2 + 24*f + 10. Is t(-21) composite?
False
Let x be ((-12522)/4)/((-99)/66). Let w = x + -1000. Is w a prime number?
True
Let x = 16619 - -3144. Is x prime?
True
Is -5*(14/(-70))/((-2)/(-2694)) prime?
False
Is ((-1)/3)/(-1) - 5348/(-12) prime?
False
Is -44*102/(-36)*(-3)/(-2) a composite number?
True
Suppose -3*l - 975 = -3*j - 0*l, -2*j - 2*l + 658 = 0. Suppose -26 = -6*r - 2. Suppose -j = u - r*u. Is u a composite number?
False
Is (49277/(-2))/((-6)/(5 - -7)) a prime number?
True
Suppose -265 = -2*b - 3*z, -5*b + 226 = 4*z - 454. Let y be -2*(b/8)/(-7). Suppose 3*u - 2*h - 254 - 19 = 0, 0 = 4*u - y*h - 364. Is u a composite number?
True
Let n(c) = -477*c - 550. Is n(-7) composite?
False
Let k = -562 + 817. Suppose k = -8*f + 695. Is f composite?
True
Suppose 0 = 3*m - 4*x - 51115, 3*x + 0*x - 68170 = -4*m. Is m a prime number?
True
Suppose x + s = 4*s + 12, -2*x - 3*s - 3 = 0. Suppose 3 = -i - x. Let m(y) = y**3 + 6*y**2 - 9*y - 1. Is m(i) prime?
True
Let z(n) = -n**3 + 20*n**2 - 36*n + 3. Let k be z(18). Suppose k*t - 377 - 2218 = 0. Is t composite?
True
Let j(n) = n**3 + 43*n**2 + 30*n + 43. Is j(-31) a composite number?
True
Let m = -17 + 40. Let q = 502 - m. Is q prime?
True
Suppose 3*h - 12 = -0*h. Suppose 0 = -9*f + h*f + 15. Suppose 2*i + 43 = f*i. Is i prime?
True
Let d(o) = 4*o**3 + 6*o**2 + 8*o - 9. Let g be d(6). Suppose 0 = 9*z - 6*z - g. Is z prime?
True
Suppose 3*d - 33437 = 2*o + 28004, 5*d = -4*o + 102365. Is d a prime number?
True
Let a = 34145 - 10956. Is a composite?
False
Let v = 348 + 3241. Is v composite?
True
Suppose -2*c + 120 = 2*c. Suppose -c = 5*l - 4*a + 5, 4*l + 28 = -5*a. Let o = l - -9. Is o prime?
True
Let i be -3 - (-3 + -6939 + -2). Suppose -1164 = -5*o + i. Is o a prime number?
True
Let l = 11 - -3. Let d(s) = 2 + 1 - 9*s - l - 16*s. Is d(-9) prime?
False
Let w be 3/5 - (-12)/5. Let f(b) = b**2 - 2*b - 3. Let s be f(w). Suppose -v + 2*v - 157 = s. Is v a prime number?
True
Suppose -a = 5*g, 5*a + 14 = -g + 2*a. Let r(d) = 906*d**3 - 3*d**2 + 2*d. Is r(g) prime?
False
Is 7 + -1 + (6 - 7 - -15746) composite?
True
Let i(n) = -687*n + 40. Is i(-11) a composite number?
True
Let r = 486 + -129. Suppose -3*f + r = -0*f. Let t = f + -52. Is t a composite number?
False
Is 2013 - (175/105)/(2/(-6)) composite?
True
Let r(b) = 4553*b**2 - 58*b - 3. Is r(4) a composite number?
False
Suppose -3*l = 3*g - 77568, -155*l + 151*l + 3*g + 103445 = 0. Is l prime?
False
Let u(h) = h**3 - 6*h**2 - 3*h - 7. Let v be u(6). Let m = 34 - v. Is m prime?
True
Let n be (-1)/(((-32)/36)/8). Suppose -n*w + 174 = -23325. Is w a prime number?
False
Suppose -108*v - 60753 = -129*v. Is v prime?
False
Let o(u) be the third derivative of u**5/20 - 5*u**4/24 + 5*u**3/2 - u**2. Is o(7) prime?
True
Suppose -2*y = -2*n - 2*n + 9342, -4*y - 4686 = -2*n. Is n a prime number?
True
Let 